*p - p, q + 5 = 0. Let b be m(p). Does 10 divide b*(-3 + -2*11)?
False
Suppose -y + 82 = -5*q + q, 2*y - 176 = -4*q. Is y a multiple of 8?
False
Let r(g) = -g**2 - 2*g - 6. Let a be r(5). Let s = -21 - a. Is s a multiple of 20?
True
Suppose 1 = -n + 2*t, -3*t + 5*t - 6 = 0. Suppose 2*z - n*z + 66 = 0. Is z a multiple of 11?
True
Let q(j) = 8*j + 1. Let p be q(-8). Does 12 divide (-738)/p + 4/14?
True
Let o = 7 - 3. Suppose -100 = -3*n + o*b, -5*n - b + 3*b + 190 = 0. Is 28 a factor of n?
False
Let b(s) = 4*s**3 + 4*s. Is b(4) a multiple of 17?
True
Suppose -4*b = b - 50. Suppose -4*o + 3*o = -b. Is 10 a factor of o?
True
Let f(n) be the second derivative of -n + 2/3*n**3 + 0 + 3/2*n**2. Is f(6) a multiple of 13?
False
Let v(o) = o**2 + o + 3. Is v(3) a multiple of 3?
True
Let g(a) = 5*a**3 - 3*a**2 - 3*a + 2. Let r be (-99)/(-21) + 2/7. Let s be g(r). Is s/15 - (-2)/10 a multiple of 13?
False
Suppose 2*s + 39 = -4*l + 7, -2*l - 2*s - 20 = 0. Let n = l - -42. Does 12 divide n?
True
Suppose -x + 27 = 5*f, 4*x + 2 = -2*f + 38. Does 7 divide x?
True
Let b be (-6)/(-24) - (-1)/(-4). Suppose b = 2*d - r - 91, -195 + 14 = -4*d + r. Is 9 a factor of d?
True
Let h = -8 + 7. Let s(c) = 58*c**2 - c - 2. Is s(h) a multiple of 19?
True
Suppose -f - f + 4 = 0. Let v(a) = 2 - a**2 - 2*a + a**f + a**3. Is v(2) a multiple of 3?
True
Suppose -2*l + 3 = -l. Let k(d) = -21*d + 1. Let i be k(-3). Suppose -2*t = -l*q - 68 + 9, 0 = -2*t + 2*q + i. Does 22 divide t?
False
Let a = -3 - -9. Let x = 22 - a. Is x a multiple of 12?
False
Suppose 0*x + 25 = -2*x + 5*t, -x + 5 = t. Suppose x = f - 3 - 21. Suppose 5*v = -5*o + 71 + f, -3*v = -2*o - 47. Does 17 divide v?
True
Let z(w) be the first derivative of w**5/20 + w**4/12 + 2*w**3/3 + 1. Let q(i) be the third derivative of z(i). Does 11 divide q(4)?
False
Let g = 3 + -7. Let c = g + 16. Does 12 divide c?
True
Let b be (111/(-12))/((-2)/(-8)). Let x = 1 - b. Is 19 a factor of x?
True
Let s(j) = -8*j + 11. Does 15 divide s(-8)?
True
Let v be 2/(1 + (-24)/27). Is 2 a factor of 3/v + (-11)/(-6)?
True
Suppose 3*t = t + 88. Let u be -2 + 2 + t/1. Suppose 56 = 4*j - u. Is 20 a factor of j?
False
Suppose -4*b + 3*k = 31, 4*b = 2*k - 0*k - 30. Is ((-42)/(-8))/b*-28 a multiple of 7?
True
Let m be -1 - 0 - 2/2. Let f(p) = -p**2 - 13*p - 9. Let q(j) = 6*j**2 + 65*j + 46. Let v(a) = m*q(a) - 11*f(a). Is v(8) a multiple of 18?
False
Let y(w) = -w**2 + 6*w - 8. Let h(t) = 1. Let p(d) = 5*h(d) + y(d). Let c be p(4). Suppose 8 = -4*k + c*k. Does 4 divide k?
True
Let z(p) = 25*p**2 + 1. Is 4 a factor of z(1)?
False
Let x(i) = 7*i - 1. Let b(u) = u. Let k(s) = -2*b(s) - x(s). Let t be 3 - (1 + (9 - 2)). Does 17 divide k(t)?
False
Is (-6 + -54)*27/(-6) a multiple of 30?
True
Let g = -159 + 228. Does 31 divide g?
False
Let i(m) be the third derivative of -m**5/60 - m**4/6 - m**3/3 + 2*m**2. Let l be i(4). Let v = 48 + l. Does 14 divide v?
True
Suppose -w = -0*w - 96. Suppose 0 = -3*q + 27 + w. Does 11 divide q?
False
Let n = -256 - -172. Is 8 a factor of 33/55*(1 - n)?
False
Is 7 a factor of (15 + 6)/((-6)/(-8))?
True
Suppose 2*d - 3 = 2*p + 125, -d = p - 60. Let i = d - 34. Suppose y = -0*y + i. Is y a multiple of 14?
True
Suppose -72 = -4*w - 0*w. Suppose -3*r + 0*h - 2*h = -w, -3*r + 2*h + 18 = 0. Is r a multiple of 5?
False
Suppose 3 = -p - 0*p + 4*c, 4*p - 5*c = 32. Does 13 divide p?
True
Suppose 4*p + k - 8 = 0, 4*p - 5*k - 3 = 5. Suppose -4*u + 58 + p = 0. Is u a multiple of 15?
True
Let s = 13 - 13. Suppose s = -2*f - 4, -4*f = 4*a - 2*a - 40. Does 8 divide a?
True
Let p(s) be the third derivative of s**6/120 - 7*s**5/60 + s**4/4 + 4*s**3/3 + 2*s**2. Let r = 8 + -2. Is 4 a factor of p(r)?
True
Let v = 17 + 4. Suppose 171 = 5*q + v. Suppose -q + 83 = a. Is a a multiple of 18?
False
Suppose -4*v = 3*o - v - 159, 0 = -o + 4*v + 38. Suppose 0 = 4*p - 5*g - 146, -3*p - 2*g + o + 48 = 0. Is p a multiple of 13?
False
Suppose 4*b - i = 4*i - 9, -25 = -5*i. Suppose b*s - 8 = 16. Does 2 divide s?
True
Let v(r) be the first derivative of 3*r**2/2 - 13*r - 2. Is v(6) a multiple of 3?
False
Let a(f) = f + 1. Let m(o) = -o**3 + 4*o**2 + 2*o - 1. Let w(t) = 4*a(t) + m(t). Is w(5) a multiple of 8?
True
Suppose 2*q - 4*y - 322 = -3*q, 2*q = -3*y + 115. Does 2 divide q?
True
Suppose 20 = z + 4*z. Let h be (-1 + 1)*(-2)/z. Suppose j + h*j - 10 = 0. Does 4 divide j?
False
Suppose -4*x - 3*g + 62 = x, 21 = 2*x + 5*g. Suppose 2*v - v - x = 0. Suppose k + 3 = v. Does 5 divide k?
True
Let g(r) = -11*r - 10. Does 14 divide g(-6)?
True
Let z(x) = -x**3 - 3*x**2 - 7. Does 5 divide z(-5)?
False
Let q = -267 + 383. Is 7 a factor of q?
False
Suppose -5*a - 17 = 13. Let c be (4/a)/(6/(-99)). Let u = c - 2. Does 7 divide u?
False
Let i be -96 + -2 + 2 + 4. Let w = i - -134. Does 14 divide w?
True
Is 2*((-975)/10)/(-5) a multiple of 27?
False
Let z = -96 - -114. Does 2 divide z?
True
Suppose 2 + 0 = -2*x. Let u = 103 - x. Suppose -i + u = 3*a + 37, 0 = -4*a + 4*i + 84. Does 16 divide a?
False
Suppose 3*m - 156 = -m. Let z = m + -23. Is z a multiple of 8?
True
Suppose -2*c = -15 + 7, -3*c = -i + 3. Does 3 divide i?
True
Let q(h) = 2*h + 2. Is 9 a factor of q(14)?
False
Suppose -3*r + 216 = -0*r. Is 24 a factor of r?
True
Suppose 2*c - 46 = 4*c. Suppose 3*y + 119 = 2*f, -f = y + 28 + 5. Let a = c - y. Is 6 a factor of a?
False
Is 14 a factor of (-18)/14 - (-12)/42 - -76?
False
Let y = 7 + -2. Suppose y*s = 2*d + 144, s - 48 = -s + 4*d. Suppose f + s = 6*f. Is 6 a factor of f?
True
Is 3 + 46/2 - 5 a multiple of 3?
True
Let u(j) = -j**2 - 4*j - 1. Let y be u(-3). Suppose y*t - 7 - 9 = 0. Is 22/5 + t/(-20) a multiple of 2?
True
Let g = -141 + 253. Is 7 a factor of g?
True
Let w(q) = 3*q**2 - 3*q - 6. Is 19 a factor of w(-3)?
False
Suppose -6*o + 8 = -5*o. Is o + -7 - 78/(-2) a multiple of 19?
False
Let h(v) = v**3 - 7*v**2 + 7*v - 2. Let n be h(6). Suppose 5*o - 3*o + 18 = -5*p, 12 = -n*o + 2*p. Is 6 a factor of ((-6)/o)/(1/4)?
True
Is ((-40)/30)/((-4)/30) a multiple of 9?
False
Let c(g) = 6*g - 2. Let a(q) = 12*q - 4. Let p(z) = 4*a(z) - 9*c(z). Is 7 a factor of p(-3)?
False
Let v(c) = 2*c**3 - 7*c**2 + 7*c - 4. Let b(s) = 3*s**3 - 13*s**2 + 13*s - 9. Let d(z) = -3*b(z) + 5*v(z). Let w be d(-5). Is 6 a factor of 83/5 + w/5?
False
Let o(a) = 5*a**2 - a. Let q be ((-3)/(9/12))/(-2). Is 4 a factor of o(q)?
False
Let p = -3 - -6. Suppose 6*t = -p*l + 4*t + 66, -126 = -5*l + 2*t. Let b = 12 + l. Is b a multiple of 18?
True
Let q(f) = f + 2. Let a be q(3). Suppose a*i - 18 = -v, -3*i + 3*v = -0*v. Suppose 0 = 2*u - y - i, 5*u + 2 = -2*y + 23. Is u a multiple of 3?
True
Suppose 18 + 18 = -4*w. Let i be ((-6)/w)/((-2)/3). Let c = i + 4. Is c a multiple of 2?
False
Let v(m) = -m**2 + 10*m + 1. Let k be v(9). Suppose 2*a = 3*a + k. Let w = 18 + a. Is w a multiple of 3?
False
Suppose 0 = m + 3*m - 608. Does 22 divide m?
False
Let a = 5 - 11. Let o(t) be the third derivative of -t**6/120 - t**5/15 + t**4/3 + 2*t**3/3 + t**2. Is 13 a factor of o(a)?
False
Let w = 135 - 77. Suppose 3*r = o + 87, w = 2*r + 4*o + o. Does 16 divide r?
False
Let u be (-3)/9*0 - -6. Suppose u*o = 4*o + 40. Suppose 0 = v - 6*v + o. Is v a multiple of 4?
True
Let b(u) = u**2 - 4. Let l be b(3). Suppose -i + m + 38 = 0, -l*m + 0 = i - 14. Is 14 a factor of i?
False
Suppose l = -4*m + 34, 2*m + 5*l - 18 = m. Suppose 6*z + 34 = m*z. Is z a multiple of 17?
True
Suppose 5*f + 12 = 3*k, -4*k + 12 = f - 4. Does 4 divide k?
True
Suppose -52 = -2*a - 2*a. Is 2 a factor of a?
False
Let w = -8 + 48. Is 10 a factor of w?
True
Let a(i) = 4*i**2 + i + 1. Let p be a(-1). Is 19 a factor of 768/20 + p/(-10)?
True
Let y(h) = 2*h**2 - h + 4. Let k be y(-4). Let l(a) = a**2 - 8*a - 10. Let w be l(9). Let r = w + k. Is 14 a factor of r?
False
Let o(y) = -y**2 - 5*y + 2. Let g be o(-6). Is -2*(g + 1 + -1) a multiple of 5?
False
Suppose -6*g = -5*g - 8. Is 27 a factor of (-2)/g - 1540/(-16)?
False
Let q = 58 + -11. Is q a multiple of 5?
False
Let c(p) = 2*p**3 - p**3 + 60 - 23. Is c(0) a multiple of 11?
False
Suppose 0 = -5*n + 18 - 3. Let b(f) = f + 0*f + 3 + 0. Is b(n) a multiple of 6?
True
Let n(a) = -7*a - 9. Let z be n(-9). Suppose 2*o = 2*y - z, 123 = 4*y - 2*o + o. Is y a multiple of 14?
False
Suppose 0 = 5*g - 4*g 